*y**2 + 341522*y - 3415323. Calculate b(10).
97
Let f(p) = -2*p**3 - 581*p**2 - 33939*p + 5. Calculate f(-81).
5
Let i(v) = 62*v**2 + 15915*v - 4898. Give i(-257).
-15
Let f(y) = -3*y**3 - 30*y**2 + 266*y + 62. Calculate f(7).
-575
Let h(s) = 2*s**3 + 1443*s**2 + 717*s - 2902. Calculate h(-721).
-18
Let u(j) = -44976*j - 135187. Determine u(-3).
-259
Let d(j) = 144441*j - 577581. Calculate d(4).
183
Let m(o) = -1637*o**3 + 22921*o**2 - 26*o - 153. Determine m(14).
71
Let v(f) = -19312*f - 12. What is v(0)?
-12
Let a(b) = b**3 - 72*b**2 - 719*b + 13108. Calculate a(79).
-6
Let z(n) = -235*n - 3100. Calculate z(-10).
-750
Let s(l) = -438*l**2 + 3970*l - 105. Determine s(9).
147
Let j(a) = -3*a**3 + 36*a**2 + 84*a + 45. What is j(14)?
45
Let d(f) = 3510*f**2 + 17561*f + 54. Determine d(-5).
-1
Let s(v) = -v**3 - 21*v**2 - 22*v + 809. Calculate s(-17).
27
Let g(r) = -r**2 + 455*r + 231577. Determine g(-305).
-223
Let b(n) = 750600*n + 6755389. Calculate b(-9).
-11
Let i(l) = 12466*l**2 - 62289*l - 211. Give i(5).
-6
Let q(g) = -g**2 - 1647*g + 21. Determine q(0).
21
Let j(h) = -17562*h + 35060. Calculate j(2).
-64
Let v(f) = 9*f**3 + 168*f**2 + 556*f - 4. What is v(-4)?
-116
Let i(f) = f**2 - 17344*f - 121345. Give i(-7).
112
Let q(w) = -7*w**2 - 940*w - 5633. Calculate q(-128).
-1
Let r(a) = -7564*a + 48654. Calculate r(6).
3270
Let p(v) = -v**2 - 6873*v - 61814. What is p(-9)?
-38
Let z(c) = 62*c**3 - 11*c**2 + 17*c - 3. Determine z(2).
483
Let u(g) = g**2 - 600*g - 76422. Calculate u(-108).
42
Let s(a) = -47*a**3 - 417*a**2 + 59*a + 40. Give s(-9).
-5
Let p(q) = 123*q**2 - 1326*q - 121. Determine p(11).
176
Let i(x) = x**3 - x**2 - 46*x + 26. What is i(-9)?
-370
Let y(o) = -36195*o - 12306316. Determine y(-340).
-16
Let u(g) = -33006*g**2 + 330060*g - 42. What is u(10)?
-42
Let v(z) = -z**3 + 9*z**2 - 2942*z - 5912. Calculate v(-2).
16
Let o(n) = -2*n**3 + 53*n**2 + 35*n - 198. Calculate o(27).
18
Let o(r) = -48*r**2 + 9*r + 2244. Determine o(-7).
-171
Let n(a) = 244*a + 272. What is n(2)?
760
Let w(d) = 3*d**2 + 63*d - 135. What is w(-23)?
3
Let y(r) = -r**2 - 71*r + 5076. What is y(42)?
330
Let p(h) = h**3 - 170*h**2 + 842*h + 540. What is p(165)?
3345
Let r(w) = 3*w**2 + 1049*w + 13608. What is r(-337)?
802
Let t(o) = 8*o**2 + 233*o - 15548. Give t(-61).
7
Let y(t) = t**3 - 43*t**2 + 57*t + 225. What is y(43)?
2676
Let c(p) = -14*p**2 + 41*p + 3829. Calculate c(18).
31
Let z(n) = -58*n**2 - 419*n - 854. Give z(-4).
-106
Let v(h) = 685267*h + 3426335. What is v(-5)?
0
Let g(b) = b**2 + 503*b - 26509. Calculate g(48).
-61
Let v(n) = 3*n**3 + 115*n**2 - 369*n - 6756. What is v(-40)?
4
Let o(u) = 23631*u + 23620. Calculate o(-1).
-11
Let n(w) = 10*w**2 + 8660*w + 34488. Calculate n(-862).
8
Let g(i) = -509634*i - 1019264. What is g(-2)?
4
Let r(o) = -2*o**2 + 50*o - 51. Give r(25).
-51
Let y(r) = 2*r**2 - 403*r + 11337. Give y(34).
-53
Let h(n) = n**3 - 33*n**2 - 43096*n + 216176. Calculate h(5).
-4
Let y(g) = 28*g**2 + 168*g - 871. Determine y(-11).
669
Let o(w) = w**3 - 26*w**2 + 17*w + 745. Determine o(24).
1
Let z(u) = -2*u**3 - 20*u**2 + u - 518. Determine z(-11).
-287
Let c(s) = -353324*s - 105. Give c(0).
-105
Let g(f) = 5*f**3 + 205*f**2 + 2*f - 159. Determine g(-41).
-241
Let r(g) = -298392*g + 895159. Give r(3).
-17
Let k(o) = 215*o - 18792. Give k(87).
-87
Let k(o) = -129*o**2 - 1380*o + 16. Determine k(-11).
-413
Let t(q) = q**3 - 34*q**2 + 1179*q - 33669. What is t(31)?
-3
Let h(n) = -n**3 + 129*n**2 - 1331*n + 3903. Calculate h(118).
9
Let s(d) = 214*d**3 + 675*d**2 - 38*d - 2. What is s(-4)?
-2746
Let u(b) = 6*b**2 - 1072*b + 15316. Give u(163).
-6
Let w(q) = -q**2 - 2645*q + 31889. Determine w(12).
5
Let h(v) = -8*v**3 + 293*v**2 + 388*v + 1146. Determine h(38).
6
Let v(p) = -183*p - 15703. Give v(-85).
-148
Let f(d) = -8*d**2 - 186*d - 626. Give f(-4).
-10
Let q(d) = -21366*d - 640978. Determine q(-30).
2
Let c(y) = -y**3 + 132*y**2 - 559*y - 9695. Calculate c(127).
-43
Let y(z) = 17724*z - 265864. Determine y(15).
-4
Let s(o) = -42257*o - 3000253. Calculate s(-71).
-6
Let l(y) = 97*y**2 - 1634*y - 211. Calculate l(17).
44
Let x(i) = 6*i**2 - 163*i - 17442. What is x(-42)?
-12
Let x(d) = d**2 + 408*d - 41920. What is x(85)?
-15
Let r(y) = -y**3 - 163*y**2 + 2152*y - 23929. Give r(-176).
7
Let l(p) = -4*p**2 + 1003*p + 2751. Calculate l(253).
474
Let c(a) = -a**3 - 250*a**2 + 109*a - 35619. Calculate c(-251).
23
Let c(a) = 4*a**2 + 3143*a + 89960. Calculate c(-756).
-4
Let m(x) = -316*x**2 - 5409*x - 596. Determine m(-17).
33
Let x(f) = 60491*f - 1391286. What is x(23)?
7
Let g(r) = 3708*r + 122406. Calculate g(-33).
42
Let f(z) = 2*z**3 + 178*z**2 + 792*z + 9511. Calculate f(-85).
-9
Let x(q) = q**3 + 6*q**2 - 525*q + 3273. Give x(9).
-237
Let y(r) = 459*r**2 - 130*r - 132. Calculate y(-1).
457
Let t(b) = -b**3 - b**2 + 582*b + 225. Give t(24).
-207
Let h(r) = 5320*r - 10574. Determine h(2).
66
Let g(k) = -k**3 + 38*k**2 - 40*k - 408. Give g(36).
744
Let x(c) = 2418*c - 1915056. Calculate x(792).
0
Let u(r) = 6277*r - 213429. What is u(34)?
-11
Let b(f) = 2*f**2 - 92*f - 6. Calculate b(59).
1528
Let q(s) = -3*s**3 - 44*s**2 + 612*s - 2. What is q(10)?
-1282
Let c(w) = 29200*w + 350277. Determine c(-12).
-123
Let t(s) = -452645*s - 1810610. Determine t(-4).
-30
Let d(q) = 1552*q - 18092. What is d(12)?
532
Let y(o) = 302292*o + 3325208. Give y(-11).
-4
Let p(w) = w**2 - 296*w + 19565. Determine p(100).
-35
Let l(j) = -6075*j - 163941. Calculate l(-27).
84
Let c(o) = 5911*o - 1335866. What is c(226)?
20
Let y(w) = 24*w**3 - 5593*w**2 + 231*w + 123. Determine y(233).
-343
Let n(x) = -2623003*x + 62952067. Determine n(24).
-5
Let a(d) = 2*d**3 + 19*d**2 - 2924*d - 26259. What is a(-9)?
138
Let m(l) = 8*l**3 + 26*l**2 - 196*l + 300. What is m(3)?
162
Let d(v) = -v**3 - 28*v**2 + 1079*v + 30442. What is d(-29)?
-8
Let u(h) = 65140*h - 456462. Give u(7).
-482
Let p(a) = -13*a**2 + 9743*a - 33567. Determine p(746).
3
Let h(w) = w**3 + 458*w**2 - 52*w + 186815. Give h(-459).
2
Let z(l) = 20*l**2 - 1238*l. Determine z(62).
124
Let s(y) = 3344*y - 9885. Determine s(3).
147
Let y(a) = 2*a**2 - 833*a + 30118. Calculate y(40).
-2
Let g(m) = -349*m**2 - 17452*m - 81. Give g(-50).
19
Let h(d) = 12*d**2 + 117*d + 1645. Give h(-17).
3124
Let b(g) = g**3 - 1015*g**2 + 11563*g - 5719. What is b(11)?
-10
Let y(a) = -7*a**3 + 62*a**2 + 9*a + 81. Determine y(9).
81
Let z(c) = 24539*c**2 + 49083*c + 22. What is z(-2)?
12
Let o(s) = -s**3 + 1534*s**2 - 79930*s + 530. Give o(54).
-10
Let v(y) = 178*y**2 + 1849*y - 84. Give v(-10).
-774
Let s(p) = 258*p**3 + 5*p**2 - 6*p - 10. Give s(2).
2062
Let v(z) = 250*z + 26793. What is v(-108)?
-207
Let j(s) = 5*s**2 + 190*s + 129. Determine j(-40).
529
Let i(x) = -x**3 - 102*x**2 - 98*x + 385. Calculate i(-101).
82
Let u(d) = -3830*d**2 + 22570*d + 2458. What is u(6)?
-2
Let l(k) = -8*k**2 - 16481*k + 49438. Determine l(3).
-77
Let l(m) = -m**3 + 13*m**2 + 20*m - 1070. Determine l(-8).
114
Let i(q) = -47*q**2 - 699*q - 645. What is i(-1)?
7
Let m(q) = q**2 - 589465*q - 1768406. Give m(-3).
-2
Let t(q) = -2*q**3 + 40*q**2 + 42*q - 671. Determine t(4).
9
Let y(g) = -g**3 - 17*g**2 + 640962*g + 9614878. Calculate y(-15).
-2
Let m(q) = -q**3 - 42*q**2 - 151*q - 441. Determine m(-39).
885
Let n(a) = 4*a**2 - 1557*a - 389168. Calculate n(-173).
-91
Let k(l) = -5*l**3 - 60*l**2 - 20*l + 84. Calculate k(-11).
-301
Let n(d) = -d**3 + 267*d**2 - 2051*d - 5402. Determine n(259).
37
Let d(t) = -3*t**2 + 3*t + 446. What is d(22)?
-940
Let z(u) = -2*u**2 - 252*u - 2309. What is z(-117)?
-203
Let h(u) = 68*u**3 + 950*u**2 - 1238*u - 16950. Calculate h(-14).
-10
Let i(w) = -w**2 + 1122*w - 66703. Determine i(63).
14
Let d(s) = -3623*s - 279261. What is d(-77)?
-290
Let m(v) = 6*v**2 - 247*v + 1823. What is m(7)?
388
Let y(z) = 219*z + 85664. What is y(-390)?
254
Let j(w) = 11*w**3 + 72*w**2 + 192*w - 31. Give j(-3).
-256
Let z(m) = 11047*m - 2540818. Calculate z(230).
-8
Let n(p) = 2*p**3 + 645*p**2 + 21135*p + 303. Give n(-37).
7
Let a(z) = 14*z**2 + 3351*z + 4556. Determine a(-238).
34
Let m(k) = 46322*k + 29692391. Calculate m(-641).
-11
Let y(q) = 10994*q - 901513. What is y(82)?
-5
Let w(o) = -4*o**3 + 3032*o**2 + 2952*